 20?
False
Is 21714696 a multiple of 439?
True
Is 58688398 a multiple of 56?
False
Does 9014 divide 4731538740?
True
Does 65 divide 373047?
False
Does 51 divide 24099793?
False
Is 109 a factor of 233454020?
True
Is 29430477 a multiple of 9?
True
Does 5835 divide 234747700?
False
Is 263012419 a multiple of 721?
False
Does 295 divide 99038580?
True
Is 43545915 a multiple of 63?
True
Is 24953195 a multiple of 55?
False
Does 205 divide 28449809?
False
Is 518890865 a multiple of 18?
False
Is 1551487644 a multiple of 134?
True
Is 53775637 a multiple of 529?
False
Is 16 a factor of 36275428?
False
Is 16 a factor of 34900347?
False
Does 210 divide 154222036?
False
Is 22 a factor of 144324307?
False
Is 124 a factor of 2437269228?
True
Does 66 divide 7613298?
True
Is 343 a factor of 52813768?
True
Is 769862427 a multiple of 10?
False
Does 3254 divide 861482158?
False
Is 7 a factor of 18242077?
True
Does 50 divide 82904200?
True
Does 19 divide 2207384812?
True
Is 1785808317 a multiple of 3607?
False
Is 2703 a factor of 104873432?
False
Is 73274000 a multiple of 802?
False
Does 173 divide 22134088?
False
Is 795 a factor of 35501520?
True
Is 22924332 a multiple of 774?
True
Is 357 a factor of 26201332?
False
Does 62 divide 1128142948?
True
Is 488 a factor of 26155824?
True
Does 19 divide 980380848?
True
Is 39 a factor of 326899599?
True
Is 1886 a factor of 466611488?
True
Does 1433 divide 506152796?
True
Is 53557498 a multiple of 22?
False
Is 615 a factor of 67328188?
False
Is 22 a factor of 139107271?
False
Does 1476 divide 672868548?
True
Does 665 divide 256855585?
True
Is 1329048869 a multiple of 7141?
False
Is 5548068 a multiple of 141?
True
Is 4861471618 a multiple of 1267?
False
Is 33 a factor of 21905100?
False
Is 1106 a factor of 3112345936?
True
Does 9 divide 18664243?
False
Does 195 divide 43661263?
False
Does 213 divide 1865908755?
True
Is 650710642 a multiple of 8757?
False
Is 340 a factor of 3080526480?
True
Is 143761925 a multiple of 67?
False
Does 1307 divide 1862475?
True
Is 466 a factor of 103742303?
False
Does 46 divide 661695057?
False
Is 71 a factor of 130438431?
True
Is 721 a factor of 256702677?
True
Is 17073705 a multiple of 55?
True
Is 79441335 a multiple of 45?
True
Does 9 divide 518662774?
False
Is 121200075 a multiple of 1175?
True
Is 39786211 a multiple of 193?
False
Does 39 divide 79019634?
False
Does 525 divide 679059207?
False
Does 5 divide 433214800?
True
Is 12 a factor of 392146152?
True
Is 928563560 a multiple of 40?
True
Is 701716822 a multiple of 17?
False
Is 53089192 a multiple of 1742?
True
Does 81 divide 78662431?
False
Does 64 divide 624213840?
False
Is 387716719 a multiple of 4088?
False
Does 3 divide 50504932?
False
Is 11 a factor of 32047070?
True
Is 401 a factor of 194096872?
False
Is 629719091 a multiple of 181?
True
Is 47584070 a multiple of 7?
False
Is 248 a factor of 33628138?
False
Is 648828308 a multiple of 263?
False
Is 340 a factor of 366748416?
False
Does 9718 divide 2218871358?
False
Is 7 a factor of 262418576?
True
Does 55 divide 5113130?
True
Does 869 divide 3408986196?
True
Is 188 a factor of 19069780?
True
Is 21127332 a multiple of 3742?
True
Does 247 divide 444198451?
False
Does 153 divide 288410226?
False
Is 1213 a factor of 2236232656?
False
Is 23533998 even?
True
Is 995830629 a multiple of 237?
True
Is 4478 a factor of 339917881?
False
Does 26 divide 12776897?
False
Does 15 divide 29418792?
False
Does 518 divide 201711937?
False
Is 79 a factor of 409130730?
True
Does 425 divide 44529800?
True
Is 1872046340 a multiple of 10733?
False
Is 17871025 a multiple of 4?
False
Is 32500688 a multiple of 11?
True
Does 369 divide 46829005?
False
Is 13 a factor of 7354262?
False
Is 807833337 a multiple of 154?
False
Is 1028622468 a multiple of 1173?
True
Does 2099 divide 286844849?
False
Is 56 a factor of 15949036?
False
Is 13 a factor of 3492583822?
True
Is 1877 a factor of 205745478?
True
Is 10743259 a multiple of 136?
False
Does 29 divide 945345027?
False
Is 80 a factor of 323349360?
True
Is 427227666 a multiple of 7?
False
Is 13 a factor of 189713523?
False
Is 215 a factor of 17461446?
False
Is 35502096 a multiple of 112?
True
Does 384 divide 25650678?
False
Does 32 divide 870101515?
False
Does 469 divide 1967457?
False
Does 136 divide 924870720?
True
Is 97 a factor of 454662283?
False
Is 119 a factor of 91188785?
False
Is 995 a factor of 376967294?
False
Is 99350272 a multiple of 6?
False
Is 7587 a factor of 1739505969?
False
Is 21158948 a multiple of 122?
True
Does 194 divide 539283825?
False
Is 356053476 a multiple of 2310?
False
Does 12 divide 914085852?
True
Is 1301077350 a multiple of 45?
True
Does 1822 divide 1172267141?
False
Is 15441 a factor of 3568716116?
False
Is 42277583 even?
False
Is 33 a factor of 27849624?
True
Is 1478694 a multiple of 5?
False
Is 59 a factor of 997261896?
True
Is 35604360 a multiple of 1458?
True
Is 622988 a multiple of 34?
False
Is 795 a factor of 2040020880?
True
Is 779914038 a multiple of 4071?
True
Does 11 divide 8279568?
True
Is 88 a factor of 32328898?
False
Is 198878440 a multiple of 3698?
True
Is 22265567 a multiple of 18?
False
Is 1353 a factor of 47551988?
False
Does 2388 divide 18769680?
True
Is 3787107140 a multiple of 73?
True
Is 4 a factor of 92492802?
False
Is 2819055270 a multiple of 114?
True
Is 733 a factor of 389367401?
True
Is 3130 a factor of 179172789?
False
Does 355 divide 36844740?
True
Does 6 divide 9661386?
True
Is 13 a factor of 60901799?
False
Is 174205521 a multiple of 9?
True
Does 22 divide 84273293?
False
Is 4384 a factor of 5376309632?
True
Is 3978803124 a multiple of 839?
True
Is 3574 a factor of 23661212?
False
Is 94313316 a multiple of 4?
True
Is 29351808 a multiple of 24?
True
Is 718 a factor of 16233980?
True
Is 8 a factor of 45253075?
False
Is 2 a factor of 6154088?
True
Is 10007 a factor of 2580917294?
False
Is 173864779 a multiple of 2747?
False
Does 237 divide 47872254?
False
Is 30571629 a multiple of 1011?
True
Is 53141004 a multiple of 427?
True
Does 13 divide 46036575?
True
Is 30197274 a multiple of 167?
True
Is 205393505 a multiple of 3351?
False
Is 9 a factor of 258273158?
False
Does 207 divide 44603118?
True
Does 6126 divide 2249742870?
True
Is 3542 a factor of 147710607?
False
Does 464 divide 30583168?
True
Is 27699243 a multiple of 11?
True
Does 788 divide 22809144?
False
Is 270 a factor of 4767946?
False
Is 10 a factor of 1570684?
False
Is 396 a factor of 97503912?
True
Is 1816 a factor of 444905626?
False
Is 447181984 a multiple of 16?
True
Is 1799682300 a multiple of 1620?
True
Is 110 a factor of 106816477?
False
Does 697 divide 79868181?
False
Is 11 a factor of 33076009?
False
Is 15418 a factor of 5051826545?
False
Is 59 a factor of 67379416?
True
Is 132262414 a multiple of 358?
False
Does 89 divide 192865047?
True
Is 3692559 a multiple of 85?
False
Is 26 a factor of 155354914?
True
Is 1889331520 a multiple of 851?
False
Is 2829600 a multiple of 540?
True
Is 33 a factor of 1188922010?
False
Is 414080642 a multiple of 19?
True
Is 166244491 a multiple of 23?
False
Does 6 divide 25856557?
False
Is 138679513 a multiple of 1403?
False
Is 2891 a factor of 86773365?
True
Is 779494367 a multiple of 2912?
False
Is 283237216 a multiple of 32?
True
Does 53 divide 371780507?
False
Is 11 a factor of 644836?
False
Is 1859400 a multiple of 18?
True
Is 51280333 a multiple of 453?
False
Is 123264756 a multiple of 12?
True
Does 1954 divide 150800154?
False
Is 566 a factor of 8268128?
True
Is 112 a factor of 194143960?
False
Does 7 divide 24510159?
False
Is 979871481 a multiple of 8103?
True
Does 46 divide 533834837?
False
Is 247 a factor of 73666762?
True
Is 924503 a multiple of 5?
False
Is 1131206 a multiple of 41?
False
Is 112318017 a multiple of 3155?
False
Is 31789791 a multiple of 3?
True
Is 100595560 a multiple of 92?
True
Does 565 divide 92700115?
True
Is 3491 a factor of 6577334669?
False
Is 36 a factor of 11215388?
False
Is 34 a factor of 655042300?
True
Is 4228273 a multiple of 1169?
True
Does 727 divide 6818725?
False
Is 15366821 a multiple of 311?
True
Is 7 a factor of 134485862?
True
Is 79866540 a multiple of 930?
True
Is 36 a factor of 73585224?
True
Is 116699355 a multiple of 5226?
False
Is 354302567 a multiple of 10